{"id":1372,"date":"2025-04-22T18:43:12","date_gmt":"2025-04-22T16:43:12","guid":{"rendered":"https:\/\/toitoitoi.fi\/?page_id=1372"},"modified":"2025-04-28T18:58:08","modified_gmt":"2025-04-28T16:58:08","slug":"2025-saapasjalkakissa","status":"publish","type":"page","link":"https:\/\/toitoitoi.fi\/?page_id=1372","title":{"rendered":"2025 Saapasjalkakissa"},"content":{"rendered":"\t\t<div data-elementor-type=\"wp-page\" data-elementor-id=\"1372\" class=\"elementor elementor-1372\">\n\t\t\t\t\t\t<section class=\"elementor-section elementor-top-section elementor-element elementor-element-6a9cf17 elementor-section-boxed elementor-section-height-default elementor-section-height-default\" data-id=\"6a9cf17\" data-element_type=\"section\">\n\t\t\t\t\t\t<div class=\"elementor-container elementor-column-gap-default\">\n\t\t\t\t\t<div class=\"elementor-column elementor-col-100 elementor-top-column elementor-element elementor-element-f2e7684\" data-id=\"f2e7684\" data-element_type=\"column\">\n\t\t\t<div class=\"elementor-widget-wrap elementor-element-populated\">\n\t\t\t\t\t\t<div class=\"elementor-element elementor-element-003943e elementor-widget elementor-widget-heading\" data-id=\"003943e\" data-element_type=\"widget\" data-widget_type=\"heading.default\">\n\t\t\t\t<div class=\"elementor-widget-container\">\n\t\t\t\t\t<h2 class=\"elementor-heading-title elementor-size-default\">Saapasjalkakissa<\/h2>\t\t\t\t<\/div>\n\t\t\t\t<\/div>\n\t\t\t\t\t<\/div>\n\t\t<\/div>\n\t\t\t\t\t<\/div>\n\t\t<\/section>\n\t\t\t\t<section class=\"elementor-section elementor-top-section elementor-element elementor-element-51a5e2b elementor-section-boxed elementor-section-height-default elementor-section-height-default\" data-id=\"51a5e2b\" data-element_type=\"section\">\n\t\t\t\t\t\t<div class=\"elementor-container elementor-column-gap-default\">\n\t\t\t\t\t<div class=\"elementor-column elementor-col-100 elementor-top-column elementor-element elementor-element-a5ee13e\" data-id=\"a5ee13e\" data-element_type=\"column\">\n\t\t\t<div class=\"elementor-widget-wrap elementor-element-populated\">\n\t\t\t\t\t\t<div class=\"elementor-element elementor-element-ba0b12d elementor-widget elementor-widget-image\" data-id=\"ba0b12d\" data-element_type=\"widget\" data-widget_type=\"image.default\">\n\t\t\t\t<div class=\"elementor-widget-container\">\n\t\t\t\t\t\t\t\t\t\t\t\t\t\t\t<img fetchpriority=\"high\" decoding=\"async\" width=\"640\" height=\"733\" src=\"https:\/\/toitoitoi.fi\/wp-content\/uploads\/2025\/04\/IMG_2605_saapasjalkakissa-1-894x1024.jpg\" class=\"attachment-large size-large wp-image-1387\" alt=\"\" srcset=\"https:\/\/toitoitoi.fi\/wp-content\/uploads\/2025\/04\/IMG_2605_saapasjalkakissa-1-894x1024.jpg 894w, https:\/\/toitoitoi.fi\/wp-content\/uploads\/2025\/04\/IMG_2605_saapasjalkakissa-1-262x300.jpg 262w, https:\/\/toitoitoi.fi\/wp-content\/uploads\/2025\/04\/IMG_2605_saapasjalkakissa-1-768x880.jpg 768w, https:\/\/toitoitoi.fi\/wp-content\/uploads\/2025\/04\/IMG_2605_saapasjalkakissa-1-1341x1536.jpg 1341w, https:\/\/toitoitoi.fi\/wp-content\/uploads\/2025\/04\/IMG_2605_saapasjalkakissa-1-1788x2048.jpg 1788w\" sizes=\"(max-width: 640px) 100vw, 640px\" \/>\t\t\t\t\t\t\t\t\t\t\t\t\t\t\t<\/div>\n\t\t\t\t<\/div>\n\t\t\t\t\t<\/div>\n\t\t<\/div>\n\t\t\t\t\t<\/div>\n\t\t<\/section>\n\t\t\t\t<section class=\"elementor-section elementor-top-section elementor-element elementor-element-88766ed elementor-section-boxed elementor-section-height-default elementor-section-height-default\" data-id=\"88766ed\" data-element_type=\"section\">\n\t\t\t\t\t\t<div class=\"elementor-container elementor-column-gap-default\">\n\t\t\t\t\t<div class=\"elementor-column elementor-col-100 elementor-top-column elementor-element elementor-element-99d87b7\" data-id=\"99d87b7\" data-element_type=\"column\">\n\t\t\t<div class=\"elementor-widget-wrap elementor-element-populated\">\n\t\t\t\t\t\t<div class=\"elementor-element elementor-element-0c4ad87 elementor-widget elementor-widget-text-editor\" data-id=\"0c4ad87\" data-element_type=\"widget\" data-widget_type=\"text-editor.default\">\n\t\t\t\t<div class=\"elementor-widget-container\">\n\t\t\t\t\t\t\t\t\t<p>Saapasjalkakissa on koko perheen riemastuttava seikkailutarina, joka kertoo nokkeluudesta, rohkeudesta ja yst\u00e4vyydest\u00e4. Esitykset ovat <u><\/u><u><\/u>Niittyahon tilalla Muuramessa ja M\u00e4ki- Matin perhepuistossa kes\u00e4ll\u00e4 2025.<\/p>\n<p style=\"text-align: center;\">T\u00e4ss\u00e4 esityksess\u00e4 on menoa ja meininki\u00e4, joten kannattaa ehdottomasti tulla katsomaan! Ik\u00e4suositus 4-100v.<\/p>\n<p style=\"text-align: center;\">Dramatisointi Rauli Jokelin.&nbsp;&nbsp;<\/p>\n<p style=\"text-align: center;\">Ohjaaja ja tuottaja: Tarja Matilainen<\/p>\n<p style=\"text-align: center;\">P\u00e4\u00e4osissa: Matilda Per\u00e4m\u00e4ki ja Teemu Kalliokoski<\/p>\n<p style=\"text-align: center;\">Musiikin s\u00e4velt\u00e4\u00e4 ja toteuttaa Gradian opiskelijat.<\/p>\n<p style=\"text-align: center;\">Tekij\u00e4noikeuksia valvoo Sunklo.<\/p>\t\t\t\t\t\t\t\t<\/div>\n\t\t\t\t<\/div>\n\t\t\t\t\t<\/div>\n\t\t<\/div>\n\t\t\t\t\t<\/div>\n\t\t<\/section>\n\t\t\t\t<\/div>\n\t\t","protected":false},"excerpt":{"rendered":"<p>Saapasjalkakissa Saapasjalkakissa on koko perheen riemastuttava seikkailutarina, joka kertoo nokkeluudesta, rohkeudesta ja yst\u00e4vyydest\u00e4. Esitykset ovat Niittyahon tilalla Muuramessa ja M\u00e4ki- Matin perhepuistossa kes\u00e4ll\u00e4 2025. T\u00e4ss\u00e4 esityksess\u00e4 on menoa ja meininki\u00e4, joten kannattaa ehdottomasti tulla katsomaan! Ik\u00e4suositus 4-100v. Dramatisointi Rauli Jokelin.&nbsp;&nbsp; Ohjaaja ja tuottaja: Tarja Matilainen P\u00e4\u00e4osissa: Matilda Per\u00e4m\u00e4ki ja Teemu Kalliokoski Musiikin s\u00e4velt\u00e4\u00e4 ja toteuttaa [&hellip;]<\/p>\n","protected":false},"author":4,"featured_media":0,"parent":0,"menu_order":0,"comment_status":"closed","ping_status":"closed","template":"","meta":{"footnotes":""},"aioseo_notices":[],"_links":{"self":[{"href":"https:\/\/toitoitoi.fi\/index.php?rest_route=\/wp\/v2\/pages\/1372"}],"collection":[{"href":"https:\/\/toitoitoi.fi\/index.php?rest_route=\/wp\/v2\/pages"}],"about":[{"href":"https:\/\/toitoitoi.fi\/index.php?rest_route=\/wp\/v2\/types\/page"}],"author":[{"embeddable":true,"href":"https:\/\/toitoitoi.fi\/index.php?rest_route=\/wp\/v2\/users\/4"}],"replies":[{"embeddable":true,"href":"https:\/\/toitoitoi.fi\/index.php?rest_route=%2Fwp%2Fv2%2Fcomments&post=1372"}],"version-history":[{"count":4,"href":"https:\/\/toitoitoi.fi\/index.php?rest_route=\/wp\/v2\/pages\/1372\/revisions"}],"predecessor-version":[{"id":1394,"href":"https:\/\/toitoitoi.fi\/index.php?rest_route=\/wp\/v2\/pages\/1372\/revisions\/1394"}],"wp:attachment":[{"href":"https:\/\/toitoitoi.fi\/index.php?rest_route=%2Fwp%2Fv2%2Fmedia&parent=1372"}],"curies":[{"name":"wp","href":"https:\/\/api.w.org\/{rel}","templated":true}]}}