{"id":1036,"date":"2022-04-08T21:51:28","date_gmt":"2022-04-08T19:51:28","guid":{"rendered":"https:\/\/toitoitoi.fi\/?page_id=1036"},"modified":"2025-05-09T10:41:38","modified_gmt":"2025-05-09T08:41:38","slug":"etusivu-2","status":"publish","type":"page","link":"https:\/\/toitoitoi.fi\/","title":{"rendered":"Etusivu"},"content":{"rendered":"\t\t<div data-elementor-type=\"wp-page\" data-elementor-id=\"1036\" class=\"elementor elementor-1036\">\n\t\t\t\t\t\t<section class=\"elementor-section elementor-top-section elementor-element elementor-element-e019d89 elementor-section-boxed elementor-section-height-default elementor-section-height-default\" data-id=\"e019d89\" data-element_type=\"section\">\n\t\t\t\t\t\t<div class=\"elementor-container elementor-column-gap-default\">\n\t\t\t\t\t<div class=\"elementor-column elementor-col-100 elementor-top-column elementor-element elementor-element-509556f\" data-id=\"509556f\" data-element_type=\"column\">\n\t\t\t<div class=\"elementor-widget-wrap elementor-element-populated\">\n\t\t\t\t\t\t<div class=\"elementor-element elementor-element-fbff67e elementor-widget elementor-widget-heading\" data-id=\"fbff67e\" data-element_type=\"widget\" data-widget_type=\"heading.default\">\n\t\t\t\t<div class=\"elementor-widget-container\">\n\t\t\t\t\t<h2 class=\"elementor-heading-title elementor-size-default\">Tulossa kes\u00e4ll\u00e4 2025 Niittyahon tilalle Muurameen sek\u00e4 M\u00e4ki-Matin perhepuistoon<\/h2>\t\t\t\t<\/div>\n\t\t\t\t<\/div>\n\t\t\t\t\t<\/div>\n\t\t<\/div>\n\t\t\t\t\t<\/div>\n\t\t<\/section>\n\t\t\t\t<section class=\"elementor-section elementor-top-section elementor-element elementor-element-81bd702 elementor-section-boxed elementor-section-height-default elementor-section-height-default\" data-id=\"81bd702\" data-element_type=\"section\">\n\t\t\t\t\t\t<div class=\"elementor-container elementor-column-gap-default\">\n\t\t\t\t\t<div class=\"elementor-column elementor-col-100 elementor-top-column elementor-element elementor-element-fbb6954\" data-id=\"fbb6954\" data-element_type=\"column\">\n\t\t\t<div class=\"elementor-widget-wrap elementor-element-populated\">\n\t\t\t\t\t\t<div class=\"elementor-element elementor-element-126a97c elementor-widget elementor-widget-heading\" data-id=\"126a97c\" data-element_type=\"widget\" data-widget_type=\"heading.default\">\n\t\t\t\t<div class=\"elementor-widget-container\">\n\t\t\t\t\t<h2 class=\"elementor-heading-title elementor-size-default\">SAAPASJALKAKISSA<\/h2>\t\t\t\t<\/div>\n\t\t\t\t<\/div>\n\t\t\t\t\t<\/div>\n\t\t<\/div>\n\t\t\t\t\t<\/div>\n\t\t<\/section>\n\t\t\t\t<section class=\"elementor-section elementor-top-section elementor-element elementor-element-1df7834 elementor-section-boxed elementor-section-height-default elementor-section-height-default\" data-id=\"1df7834\" data-element_type=\"section\">\n\t\t\t\t\t\t<div class=\"elementor-container elementor-column-gap-default\">\n\t\t\t\t\t<div class=\"elementor-column elementor-col-100 elementor-top-column elementor-element elementor-element-f187780\" data-id=\"f187780\" data-element_type=\"column\">\n\t\t\t<div class=\"elementor-widget-wrap elementor-element-populated\">\n\t\t\t\t\t\t<div class=\"elementor-element elementor-element-0d19c4b elementor-widget elementor-widget-image\" data-id=\"0d19c4b\" data-element_type=\"widget\" data-widget_type=\"image.default\">\n\t\t\t\t<div class=\"elementor-widget-container\">\n\t\t\t\t\t\t\t\t\t\t\t\t\t\t\t<img fetchpriority=\"high\" decoding=\"async\" width=\"640\" height=\"733\" src=\"https:\/\/toitoitoi.fi\/wp-content\/uploads\/2025\/04\/IMG_2605_saapasjalkakissa-1-894x1024.jpg\" class=\"attachment-large size-large wp-image-1387\" alt=\"\" srcset=\"https:\/\/toitoitoi.fi\/wp-content\/uploads\/2025\/04\/IMG_2605_saapasjalkakissa-1-894x1024.jpg 894w, https:\/\/toitoitoi.fi\/wp-content\/uploads\/2025\/04\/IMG_2605_saapasjalkakissa-1-262x300.jpg 262w, https:\/\/toitoitoi.fi\/wp-content\/uploads\/2025\/04\/IMG_2605_saapasjalkakissa-1-768x880.jpg 768w, https:\/\/toitoitoi.fi\/wp-content\/uploads\/2025\/04\/IMG_2605_saapasjalkakissa-1-1341x1536.jpg 1341w, https:\/\/toitoitoi.fi\/wp-content\/uploads\/2025\/04\/IMG_2605_saapasjalkakissa-1-1788x2048.jpg 1788w\" sizes=\"(max-width: 640px) 100vw, 640px\" \/>\t\t\t\t\t\t\t\t\t\t\t\t\t\t\t<\/div>\n\t\t\t\t<\/div>\n\t\t\t\t\t<\/div>\n\t\t<\/div>\n\t\t\t\t\t<\/div>\n\t\t<\/section>\n\t\t\t\t<section class=\"elementor-section elementor-top-section elementor-element elementor-element-f3fb762 elementor-section-boxed elementor-section-height-default elementor-section-height-default\" data-id=\"f3fb762\" data-element_type=\"section\">\n\t\t\t\t\t\t<div class=\"elementor-container elementor-column-gap-default\">\n\t\t\t\t\t<div class=\"elementor-column elementor-col-100 elementor-top-column elementor-element elementor-element-949fa87\" data-id=\"949fa87\" data-element_type=\"column\">\n\t\t\t<div class=\"elementor-widget-wrap elementor-element-populated\">\n\t\t\t\t\t\t<div class=\"elementor-element elementor-element-86b05ff elementor-widget elementor-widget-image\" data-id=\"86b05ff\" data-element_type=\"widget\" data-widget_type=\"image.default\">\n\t\t\t\t<div class=\"elementor-widget-container\">\n\t\t\t\t\t\t\t\t\t\t\t\t\t\t\t<img decoding=\"async\" width=\"300\" height=\"230\" src=\"https:\/\/toitoitoi.fi\/wp-content\/uploads\/2022\/03\/INFO-300x230.jpg\" class=\"attachment-medium size-medium wp-image-947\" alt=\"\" srcset=\"https:\/\/toitoitoi.fi\/wp-content\/uploads\/2022\/03\/INFO-300x230.jpg 300w, https:\/\/toitoitoi.fi\/wp-content\/uploads\/2022\/03\/INFO-1024x784.jpg 1024w, https:\/\/toitoitoi.fi\/wp-content\/uploads\/2022\/03\/INFO-768x588.jpg 768w, https:\/\/toitoitoi.fi\/wp-content\/uploads\/2022\/03\/INFO.jpg 1100w\" sizes=\"(max-width: 300px) 100vw, 300px\" \/>\t\t\t\t\t\t\t\t\t\t\t\t\t\t\t<\/div>\n\t\t\t\t<\/div>\n\t\t\t\t\t<\/div>\n\t\t<\/div>\n\t\t\t\t\t<\/div>\n\t\t<\/section>\n\t\t\t\t<\/div>\n\t\t","protected":false},"excerpt":{"rendered":"<p>Tulossa kes\u00e4ll\u00e4 2025 Niittyahon tilalle Muurameen sek\u00e4 M\u00e4ki-Matin perhepuistoon SAAPASJALKAKISSA<\/p>\n","protected":false},"author":1,"featured_media":0,"parent":0,"menu_order":0,"comment_status":"closed","ping_status":"closed","template":"","meta":{"footnotes":""},"aioseo_notices":[],"_links":{"self":[{"href":"https:\/\/toitoitoi.fi\/index.php?rest_route=\/wp\/v2\/pages\/1036"}],"collection":[{"href":"https:\/\/toitoitoi.fi\/index.php?rest_route=\/wp\/v2\/pages"}],"about":[{"href":"https:\/\/toitoitoi.fi\/index.php?rest_route=\/wp\/v2\/types\/page"}],"author":[{"embeddable":true,"href":"https:\/\/toitoitoi.fi\/index.php?rest_route=\/wp\/v2\/users\/1"}],"replies":[{"embeddable":true,"href":"https:\/\/toitoitoi.fi\/index.php?rest_route=%2Fwp%2Fv2%2Fcomments&post=1036"}],"version-history":[{"count":51,"href":"https:\/\/toitoitoi.fi\/index.php?rest_route=\/wp\/v2\/pages\/1036\/revisions"}],"predecessor-version":[{"id":1421,"href":"https:\/\/toitoitoi.fi\/index.php?rest_route=\/wp\/v2\/pages\/1036\/revisions\/1421"}],"wp:attachment":[{"href":"https:\/\/toitoitoi.fi\/index.php?rest_route=%2Fwp%2Fv2%2Fmedia&parent=1036"}],"curies":[{"name":"wp","href":"https:\/\/api.w.org\/{rel}","templated":true}]}}